*i = -0*i - 5*m + 55, 5*m = -4*i + 85. Suppose 2*o - 10 = 0, -5*l - o + 314 = -2*l. Calculate the remainder when l is divided by i.
13
Let r = 1 - 4. Let f(t) = t**3 + 49. Calculate the remainder when f(0) is divided by (r/12)/((-620)/(-208) + -3).
10
Let a = 348 + -322. Let b = 179 + -77. Calculate the remainder when b is divided by a.
24
Suppose 9 = 5*k - 3*m - 7, 2*k = -3*m + 19. Suppose -5*u + k = -0*u. Let x(d) = d**3 + 8*d**2 - 2*d - 15. What is the remainder when x(-8) is divided by u?
0
Let y(k) = k**3 - 23*k**2 + 22*k + 4. Let z be y(22). Suppose -z*x + 252 = 14*x. Calculate the remainder when 37 is divided by x.
9
Suppose 0 = -2*g - 2*g + 312. Suppose 0*u = u - g. Suppose i - 5*o = 25, 2*o + 98 + 4 = 5*i. What is the remainder when u is divided by i?
18
Let v = -75 + 147. Let f = v + -58. What is the remainder when 53 is divided by f?
11
Suppose 0 = -2*d - 3*u + 22 + 67, -3*d + 3*u + 141 = 0. Calculate the remainder when d is divided by 8.
6
Let p be (-1)/(-3 + 22/8). What is the remainder when (-4 - (3 - 6)) + 22 is divided by ((-36)/21)/(p/(-14))?
3
Suppose 4*j - 1055 = 513. What is the remainder when j is divided by 66?
62
Suppose 25*y - 988 = -y. What is the remainder when 149 is divided by y?
35
Calculate the remainder when 62 is divided by (-10)/(-95) - (-8856)/342.
10
Let g(c) = -c**3 - 22*c**2 + 20*c - 60. What is the remainder when -2 + 0 - -2*14 is divided by g(-23)?
8
Suppose -24*x = -35*x + 275. Calculate the remainder when 72 is divided by x.
22
Let u(q) = q**2 - 2*q + 4. Let a = 36 + -18. Let o be 1/(1 - a/15). What is the remainder when u(o) is divided by 10?
9
What is the remainder when 251 is divided by (54/8)/(0 - 3/(-8))?
17
What is the remainder when 80 is divided by (-1)/(2208/444 + -1*5)?
6
Suppose 4*s - 3*y + 260 = 0, -s + 26 - 76 = 3*y. Let k = s + 87. Calculate the remainder when 69 is divided by k.
19
Let q(o) = o**2 + 4*o + 9. Let r be -9 + 6 + (-18)/2. Calculate the remainder when r*(0 + (-26)/8) is divided by q(-5).
11
Suppose 2*m - 798 = 4*c, 4*m - 1035 = -c + 516. Let y = m + -247. What is the remainder when y is divided by 36?
34
Suppose -h - 2*y = -0*h - 66, -3*y = 3*h - 204. Let v(t) = -t**3 - 37*t**2 + 79*t + 57. Calculate the remainder when h is divided by v(-39).
16
Let h(c) = c**3 + 11*c**2 - 15*c - 8. Calculate the remainder when h(-12) is divided by 8 - (-6 + 2 - 0).
4
Let u = 0 - 1. What is the remainder when (-8)/176 + (-177)/(-22) is divided by (u + -2*1)/(-1)?
2
Suppose 0*f - 54 = -4*f + 3*d, 4*f - d = 50. Suppose 6*l + f = 3*l. Calculate the remainder when 22 is divided by 12*l*4/(-32).
4
Let b = -10 - -18. Suppose -2*n + 247 = -3*x, -b - 310 = 4*x + 3*n. What is the remainder when (-2 - x) + -1 + 3 is divided by 21?
18
Suppose -4*d = -5*p - 5*d + 1072, 1068 = 5*p - d. What is the remainder when p is divided by 31?
28
What is the remainder when 1222 is divided by 7 + 23 + (0 + 5)*-1?
22
Let y(g) = -34*g**3 - 2*g**2 + 11*g + 11. What is the remainder when 2591 is divided by y(-1)?
31
Suppose -4*z - 15 = -151. Calculate the remainder when 118 is divided by z.
16
Let g = -386 - -422. What is the remainder when 51 is divided by g?
15
Let b(z) = z**3 - 2*z**2 + z + 9. Calculate the remainder when 1259 is divided by b(3).
20
Let q = -7 + 18. Let s = q - 0. What is the remainder when s is divided by 3?
2
Let i(w) = w**3 - 3*w**2 + 4*w + 1. Let b(v) = v**2 + 3*v + 136. Let x be b(0). Suppose -143*z = -x*z - 49. What is the remainder when i(3) is divided by z?
6
Suppose 4*r - 19 = 21. Suppose 4*n = 3*m + 8, 8*m + 3 = 5*m + 3*n. Calculate the remainder when r is divided by m.
2
Let v = -11 - -16. Suppose -v*r = -4*r - 5. Calculate the remainder when 21 is divided by r.
1
Let a = 62 - 59. Calculate the remainder when 29 is divided by a.
2
Let z(v) = v**3 + 10*v**2 - 12*v - 6. Let i(m) = -m**2 + m + 13. Let b be i(0). Suppose -y + 6 = -b. What is the remainder when y is divided by z(-11)?
4
Let a(v) = v**3 - 13*v**2 + 5*v - 11. Calculate the remainder when a(13) is divided by (80/12 - 7)*-12.
2
Suppose 6*u = 2*u + 192. Let t = -20 + 22. What is the remainder when u is divided by (30/45)/(t/51)?
14
Let w be (4/6)/(26/(-897)). Let u = 29 + w. Calculate the remainder when u is divided by 4.
2
Suppose -3*d + 4*a = -63, -2*d - a + 65 = 4*a. Let r = -35 + d. Let z(g) = -g + 3. What is the remainder when z(r) is divided by 7?
6
Suppose 5*d + 2*o = 15, -23 = 4*d - 4*o - 7. Let n(x) = -x**2 - 5. Let t be n(-4). Calculate the remainder when t/(-9) + (-1)/3 is divided by d.
0
Let v(i) = -28*i + 10. Let x be v(4). Let z = x - -199. Suppose 3*l - z = -2*a - 0*a, -3*a + 5*l = -155. What is the remainder when a is divided by 18?
14
Let m be (-176)/(-28) + (-2)/7. Let q(o) = 160 - 157 + o - o**2 + m*o. What is the remainder when 20 is divided by q(5)?
7
Let a = 88 + -56. Suppose 5*r - 15 - 15 = 0. Calculate the remainder when (-3 - (-6 + 2))*a/2 is divided by r.
4
Suppose -9*i + 95 = -4*i. Calculate the remainder when 150 is divided by i.
17
Suppose 2*u = -j + 232, 3*j - j = u + 454. Calculate the remainder when j is divided by 77.
74
Suppose 0 = 5*c - 2*v - 2*v - 50, c - 1 = -v. Let h = c - -6. Let r = -21 + 43. Calculate the remainder when r is divided by h.
10
Suppose 8*c - 1848 = -6*c. What is the remainder when c is divided by 15?
12
Let b = 778 + 369. What is the remainder when b is divided by 46?
43
Let p be (-8)/4 - (-40 + 3). Let c = p + 8. Let t = -14 - -29. What is the remainder when c is divided by t?
13
Let k(t) = -t**3 + 2*t**2 + 92. Let z be k(0). Calculate the remainder when z/(-5)*(-110)/44 is divided by 13.
7
Let t(m) = 5*m + 9. Let j be t(-6). Let r = j - -35. Let q = 91 - 38. What is the remainder when q is divided by r?
11
Let t(n) = n**3 + 4*n**2 - 5*n - 4. Let f = -5 - 0. Let a be t(f). Calculate the remainder when ((-20)/15)/(a/18) is divided by 4.
2
Let z(o) = 3*o**2 - 3*o - 6. Let f be z(-3). Let l = f + -25. Calculate the remainder when 19 is divided by l.
4
Let w = -332 - -384. Calculate the remainder when w is divided by 31.
21
Suppose -2*d = c - 0*d - 25, c = d + 25. Let t = c + -21. Suppose t*y = -0*y - 3*h + 617, 3*y = 3*h + 468. Calculate the remainder when y is divided by 39.
38
Let r(j) = 2*j**2 + 11*j + 21. Suppose -4*k - 9*a = -4*a + 4, 3*k = -a - 14. Let f(h) = 2*h + 5. What is the remainder when r(k) is divided by f(5)?
12
Suppose 5 + 5 = 2*a. Suppose -4*n - c - 4 = -17, -n + a = 2*c. Calculate the remainder when n is divided by 3.
0
Let d(q) = 2*q**2 + 21*q + 13. What is the remainder when d(-11) is divided by 5*(-1 - (-38)/10)?
10
Suppose 3*r = 8 + 22. Let n be (-5)/(-25) + 28/r. Calculate the remainder when -22*(n/(-2) - 0) is divided by 17.
16
Suppose 5*h - 136 = h. Suppose 0 = -7*m + 12 + 58. Calculate the remainder when h is divided by (0 - (-5 - -3)) + (m - -1).
8
Suppose -n = -h - 6, -5*n = -h - 0*n - 6. Calculate the remainder when (-208)/h - 32/48 is divided by 12.
10
Let k(w) = -42*w - 177. What is the remainder when 293 is divided by k(-6)?
68
Suppose 17*a = 21*a - 148. What is the remainder when 60 is divided by a?
23
Suppose -5*a - z = -249, 0 = -2*z + 8 - 0. Suppose 5*b + 4*v = 973, -4*b - 615*v = -620*v - 762. Calculate the remainder when b is divided by a.
46
Let s = -36 + 40. Calculate the remainder when 1/s - (-3108)/112 is divided by 9.
1
Let a(z) = z**3 + 39*z**2 + 42*z + 185. Calculate the remainder when 161 is divided by a(-38).
29
Calculate the remainder when 678/12*(9 + -3) is divided by 18.
15
Let n = -9 - -13. Let w(a) = a**2 - a + 1. Suppose x = -4*d - 7, 2*x - 4*d = -x + 27. What is the remainder when w(n) is divided by x?
3
Let x = 273 - 139. What is the remainder when x is divided by 22?
2
Let t be (1 - -2)*560/48. Let x = t - 65. Let p = x + 52. Calculate the remainder when 37 is divided by p.
15
Suppose -d - 2*h + 11 = 0, 3*d = d + 3*h + 8. Suppose d + 5 = -m. Let t = 1 - m. What is the remainder when 20 is divided by t?
7
Suppose 659 + 115 = 18*n. What is the remainder when 128 is divided by n?
42
Let d(z) = 2*z**2 - 24*z - 20. Let s be d(13). Let w = 46 + s. What is the remainder when w is divided by 33?
19
Let z(n) = 13*n - 70. Let b be z(6). Suppose -b*y + 19*y - 341 = 0. Calculate the remainder when 87 is divided by y.
25
Let s = -2 - -